-3 (base 8) in base 12?
-3
Convert 1 (base 2) to base 14.
1
What is cc (base 13) in base 11?
143
What is -10 (base 5) in base 6?
-5
104 (base 7) to base 12
45
Convert 5 (base 7) to base 10.
5
What is 7 (base 11) in base 5?
12
Convert 10100 (base 2) to base 6.
32
11 (base 3) to base 7
4
What is 1 (base 12) in base 6?
1
What is 62 (base 9) in base 12?
48
-1111 (base 3) to base 2
-101000
4 (base 8) to base 13
4
What is -11 (base 10) in base 11?
-10
What is 4 (base 7) in base 6?
4
What is 6a (base 14) in base 7?
163
2310 (base 4) to base 13
10b
Convert -2 (base 16) to base 15.
-2
What is 18a (base 12) in base 4?
3322
-23 (base 4) to base 7
-14
What is -70 (base 10) in base 16?
-46
What is -1 (base 15) in base 10?
-1
What is 3 (base 11) in base 3?
10
What is -1 (base 4) in base 10?
-1
Convert 25 (base 10) to base 7.
34
0 (base 9) to base 15
0
1 (base 11) to base 10
1
Convert 1 (base 6) to base 14.
1
What is -10 (base 3) in base 2?
-11
Convert -5 (base 14) to base 15.
-5
-100001101 (base 2) to base 11
-225
What is -1 (base 16) in base 2?
-1
What is -257 (base 9) in base 15?
-e4
What is 34 (base 9) in base 6?
51
-30 (base 8) to base 5
-44
Convert -2 (base 15) to base 11.
-2
Convert -111 (base 2) to base 16.
-7
Convert -1 (base 8) to base 13.
-1
What is 27 (base 16) in base 9?
43
-9 (base 11) to base 7
-12
What is -24 (base 16) in base 11?
-33
What is -6 (base 9) in base 7?
-6
Convert -1100 (base 3) to base 7.
-51
6 (base 15) to base 10
6
-5 (base 11) to base 3
-12
Convert 4 (base 12) to base 9.
4
Convert -223 (base 4) to base 12.
-37
What is 6 (base 9) in base 8?
6
Convert -1 (base 12) to base 14.
-1
-9 (base 14) to base 7
-12
Convert -10 (base 10) to base 9.
-11
Convert -4 (base 11) to base 16.
-4
What is 32 (base 8) in base 12?
22
6d (base 15) to base 7
205
Convert -1 (base 8) to base 14.
-1
Convert b (base 13) to base 12.
b
What is 114 (base 6) in base 12?
3a
Convert -3 (base 15) to base 5.
-3
Convert -1 (base 5) to base 2.
-1
What is -8 (base 9) in base 10?
-8
-1011101 (base 2) to base 6
-233
Convert -28 (base 13) to base 14.
-26
Convert -347 (base 9) to base 3.
-101121
What is -11 (base 4) in base 15?
-5
What is -9 (base 12) in base 10?
-9
Convert -4 (base 13) to base 6.
-4
-76 (base 12) to base 9
-110
0 (base 6) to base 9
0
0 (base 4) to base 11
0
What is -147 (base 11) in base 5?
-1142
What is -16 (base 14) in base 6?
-32
Convert a (base 11) to base 8.
12
Convert 4 (base 9) to base 12.
4
What is 14 (base 8) in base 5?
22
What is -31 (base 9) in base 16?
-1c
50 (base 9) to base 16
2d
What is -28 (base 13) in base 6?
-54
-102 (base 8) to base 16
-42
Convert 68 (base 12) to base 16.
50
Convert 23 (base 7) to base 3.
122
Convert -4d (base 16) to base 10.
-77
-113 (base 5) to base 7
-45
Convert 2 (base 12) to base 14.
2
Convert -3 (base 4) to base 13.
-3
1211 (base 4) to base 6
245
What is 8 (base 16) in base 8?
10
What is -11 (base 7) in base 6?
-12
What is 165 (base 7) in base 3?
10120
Convert -13 (base 9) to base 15.
-c
What is 101 (base 3) in base 11?
a
-100 (base 2) to base 14
-4
Convert -1001 (base 3) to base 10.
-28
-26 (base 13) to base 14
-24
-2 (base 3) to base 6
-2
Convert 2112 (base 3) to base 11.
62
Convert 11 (base 3) to base 9.
4
-12 (base 4) to base 11
-6
Convert 36 (base 14) to base 12.
40
12 (base 10) to base 3
110
Convert -54 (base 16) to base 15.
-59
-73 (base 9) to base 10
-66
Convert 300 (base 8) to base 6.
520
Convert 1 (base 14) to base 9.
1
16 (base 11) to base 7
23
Convert 25 (base 8) to base 9.
23
What is 2000 (base 3) in base 11?
4a
-1000111 (base 2) to base 16
-47
111 (base 5) to base 12
27
Convert 2 (base 11) to base 16.
2
What is -111 (base 2) in base 8?
-7
What is -2 (base 3) in base 15?
-2
144 (base 8) to base 15
6a
Convert 100 (base 2) to base 16.
4
1302 (base 4) to base 15
79
-153 (base 6) to base 9
-76
Convert 7 (base 10) to base 5.
12
What is -2 (base 9) in base 3?
-2
0 (base 12) to base 7
0
Convert 2d (base 16) to base 2.
101101
Convert 9f (base 16) to base 6.
423
What is 1 (base 16) in base 12?
1
2 (base 3) to base 4
2
Convert 14 (base 8) to base 9.
13
What is 25 (base 16) in base 5?
122
Convert 6 (base 13) to base 10.
6
-28 (base 14) to base 3
-1100
Convert -63 (base 13) to base 11.
-74
Convert 1d (base 16) to base 8.
35
What is 35 (base 11) in base 13?
2c
50 (base 16) to base 14
5a
What is 39 (base 10) in base 2?
100111
14 (base 16) to base 13
17
What is 10 (base 4) in base 11?
4
-1 (base 13) to base 12
-1
Convert 4 (base 8) to base 13.
4
What is -35 (base 16) in base 12?
-45
-3 (base 5) to base 14
-3
Convert -3 (base 15) to base 13.
-3
Convert 9 (base 12) to base 6.
13
Convert 1 (base 14) to base 3.
1
What is 1010111 (base 2) in base 8?
127
What is 332 (base 4) in base 11?
57
What is -153 (base 6) in base 13?
-54
Convert 1 (base 7) to base 2.
1
Convert -3 (base 15) to base 5.
-3
What is -147 (base 8) in base 6?
-251
Convert 1 (base 11) to base 3.
1
What is -22 (base 5) in base 12?
-10
What is 1 (base 7) in base 2?
1
Convert -5 (base 12) to base 7.
-5
What is -58 (base 10) in base 7?
-112
What is 2c (base 15) in base 10?
42
What is -1152 (base 6) in base 4?
-10130
-203 (base 4) to base 9
-38
Convert -2 (base 14) to base 10.
-2
-67 (base 15) to base 12
-81
0 (base 7) to base 8
0
What is -48 (base 12) in base 7?
-110
What is 1200 (base 3) in base 10?
45
-1101 (base 2) to base 8
-15
What is 20 (base 6) in base 9?
13
What is 8e (base 16) in base 9?
167
Convert 72 (base 9) to base 6.
145
Convert 56 (base 8) to base 15.
31
What is -66 (base 7) in base 16?
-30
0 (base 8) to base 13
0
11 (base 12) to base 10
13
What is 3 (base 8) in base 5?
3
Convert 54 (base 9) to base 15.
34
-6 (base 7) to base 15
-6
-121 (base 3) to base 13
-13
Convert 102 (base 3) to base 9.
12
What is -113 (base 5) in base 2?
-100001
3 (base 5) to base 7
3
-1111 (base 2) to base 3
-120
Convert -1 (base 4) to base 15.
-1
-21 (base 11) to base 8
-27
What is a8 (base 15) in base 13?
c2
Convert -57 (base 15) to base 5.
-312
What is -33 (base 8) in base 14?
-1d
-33 (base 16) to base 9
-56
Convert -16 (base 16) to base 2.
-10110
-1 (base 6) to base 5
-1
Convert 14 (base 7) to base 10.
11
What is -67 (base 16) in base 11?
-94
11221 (base 3) to base 2
10000101
What is 11 (base 2) in base 16?
3
-220 (base 6) to base 4
-1110
1 (base 8) to base 4
1
What is 7 (base 8) in base 5?
12
Convert -1 (base 16) to base 5.
-1
Convert 4 (base 13) to base 12.
4
What is -4 (base 10) in base 12?
-4
7 (base 16) to base 14
7
-45 (base 15) to base 9
-72
Convert 25 (base 9) to base 7.
32
Convert -101 (base 4) to base 11.
-16
-3 (base 5) to base 15
-3
What is -1 (base 16) in base 3?
-1
-10011 (base 2) to base 9
-21
What is -6 (base 16) in base 9?
-6
What is 35 (base 11) in base 2?
100110
6 (base 14) to base 15
6
What is 11 (base 10) in base 6?
15
1 (base 11) to base 13
1
Convert 12 (base 4) to base 13.
6
What is -11202 (base 3) in base 16?
-80
What is 2 (base 13) in base 5?
2
32 (base 7) to base 12
1b
Convert -39 (base 11) to base 4.
-222
13 (base 9) to base 7
15
What is 34 (base 11) in base 14?
29
1 (base 14) to base 9
1
What is 1020 (base 3) in base 5?
113
Convert 62 (base 7) to base 14.
32
What is 1 (base 10) in base 16?
1
-2 (base 4) to base 7
-2
-100002 (base 3) to base 4
-3311
Convert -3 (base 12) to base 13.
-3
Convert -275 (base 9) to base 12.
-172
0 (base 6) to base 4
0
8 (base 16) to base 13
8
4 (base 5) to base 13
4
What is 1 (base 3) in base 14?
1
Convert -6 (base 10) to base 14.
-6
What is 1b (base 15) in base 4?
122
-115 (base 6) to base 9
-52
Convert 2 (base 15) to base 13.
2
What is -11 (base 6) in base 13?
-7
112 (base 9) to base 7
161
0 (base 13) to base 4
0
Convert 1100 (base 5) to base 15.
a0
3 (base 7) to base 14
3
-1 (base 2) to base 4
-1
Convert 325 (base 6) to base 11.
104
Convert -1 (base 2) to base 15.
-1
-4 (base 6) to base 14
-4
Convert -3 (base 16) to base 11.
-3
14 (base 7) to base 13
b
What is 8 (base 10) in base 7?
11
-510 (base 6) to base 12
-136
-3223 (base 4) to base 13
-151
What is -2 (base 3) in base 9?
-2
What is 6 (base 8) in base 15?
6
18 (base 11) to base 14
15
Convert 2b (base 14) to base 11.
36
2 (base 6) to base 4
2
What is -71 (base 12) in base 13?
-67
52 (base 8) to base 13
33
What is 4b (base 16) in base 4?
1023
Convert -10